s(8)?
-204
Let v(b) = -b**3 - 3*b**2 + 2*b + 3. Give v(4).
-101
Let z(v) = 36*v + 304. Calculate z(-6).
88
Let b(u) = -257*u + 19286. Determine b(75).
11
Let h(f) = f**3 - 2*f**2 - 11*f - 16. Determine h(5).
4
Let v(m) = 307*m - 3387. What is v(11)?
-10
Let n(j) = 2*j**2 + 4*j - 52. Give n(5).
18
Let y(j) = -j**2 + 5*j + 64. Determine y(10).
14
Let h(y) = -6365*y - 63640. Determine h(-10).
10
Let m(r) = -2*r**3 - 57*r**2 - 28*r + 10. Determine m(-28).
10
Let d(z) = -39*z**2 - 314*z - 39. Give d(-8).
-23
Let t(q) = q**2 + 29*q + 166. What is t(-23)?
28
Let i(c) = c**2 + 66*c - 82. Determine i(0).
-82
Let r(d) = 172*d - 877. What is r(7)?
327
Let d(o) = 1884*o**2 + 5657*o + 3. Calculate d(-3).
-12
Let i(t) = t**2 - 1901*t - 146146. Determine i(-74).
4
Let z(r) = -23*r**2 + 90*r - 70. What is z(3)?
-7
Let x(q) = q**2 + 39*q + 62. Calculate x(-37).
-12
Let r(k) = -2*k**2 - 173*k - 1077. Calculate r(-80).
-37
Let w(q) = -113*q - 16. What is w(-2)?
210
Let i(j) = 213*j + 1022. Calculate i(-5).
-43
Let p(t) = -t**3 + 58*t**2 - 2*t + 102. Determine p(58).
-14
Let w(h) = -3*h**2 + 4*h + 45. Calculate w(-7).
-130
Let y(u) = 71*u + 1238. Calculate y(-35).
-1247
Let l(j) = 4*j**2 - 59*j + 165. What is l(11)?
0
Let r(d) = -211*d - 2452. Give r(-11).
-131
Let w(o) = -404*o + 8990. Determine w(22).
102
Let t(z) = -z**2 + 21*z - 56. Give t(8).
48
Let k(u) = -5*u**3 - 89*u**2 + 20*u + 25. Give k(-18).
-11
Let t(m) = 4*m**3 + 107*m**2 - 263*m - 44. Determine t(-29).
14
Let l(p) = -5416*p + 5413. What is l(1)?
-3
Let h(x) = -3*x + 70. Determine h(-29).
157
Let b(r) = r**2 + 11957*r - 107705. Give b(9).
-11
Let q(i) = -i**3 + 31*i**2 + 940*i + 485. Give q(50).
-15
Let l(h) = -722*h + 3604. Give l(5).
-6
Let m(q) = 51*q + 155. Calculate m(-11).
-406
Let y(f) = 259*f**3 - 8*f**2 - 8*f + 14. What is y(1)?
257
Let q(n) = -n**3 - 21*n**2 + 195*n - 31. Calculate q(-28).
-3
Let d(v) = -v**3 + 112*v**2 + 108*v + 606. What is d(113)?
41
Let w(o) = -o**2 + 34*o + 13. Determine w(34).
13
Let t(d) = d**2 - 66*d - 188. Calculate t(-3).
19
Let q(z) = z**3 + 79*z**2 - 117*z - 2967. Give q(-80).
-7
Let b(f) = -82*f + 522. Determine b(5).
112
Let j(r) = r**3 + 15*r**2 + 19*r - 25. Give j(-9).
290
Let k(s) = -4*s**2 - 53*s + 247. Determine k(-17).
-8
Let x(w) = 3*w**2 + 139*w + 175. Determine x(-46).
129
Let a(b) = 4*b**3 + 23*b**2 - 11*b - 51. Calculate a(-6).
-21
Let c(q) = -q**3 + 15*q + 32. What is c(0)?
32
Let i(l) = -7*l - 199. What is i(-27)?
-10
Let d(j) = j**2 + 56*j + 98. Give d(-2).
-10
Let d(a) = 17*a - 1695. Give d(57).
-726
Let b(c) = -73*c**2 + 7*c + 12. What is b(-1)?
-68
Let i(f) = 78*f - 532. What is i(7)?
14
Let g(t) = t**3 + 28*t**2 + 68*t - 158. What is g(-25)?
17
Let l(s) = -2*s**3 - 55*s**2 + 30*s + 6. Determine l(-28).
-50
Let c(u) = 15*u**2 + 8*u - 36. What is c(4)?
236
Let l(v) = -v**2 + 9*v + 1458. Determine l(43).
-4
Let s(b) = 35*b**3 + 455*b**2 + 8*b + 79. Calculate s(-13).
-25
Let q(h) = -h**3 - 15*h**2 + 86*h - 276. What is q(-20)?
4
Let n(s) = -2*s**3 - 29*s**2 - 54*s - 174. What is n(-13)?
21
Let k(v) = v**3 - 11*v**2 - 91*v + 183. What is k(16)?
7
Let t(o) = -2*o**2 - 75*o + 404. Determine t(-42).
26
Let y(c) = c**3 - 21*c**2 + 32*c - 660. What is y(21)?
12
Let j(x) = 2*x**2 + 56*x + 35. Give j(-27).
-19
Let t(d) = 73*d + 2372. What is t(-33)?
-37
Let b(r) = 78*r**3 + 703*r**2 + 18*r + 89. What is b(-9)?
8
Let k(y) = 8*y**2 + 89*y - 37. Determine k(-12).
47
Let t(h) = 9*h**2 - 5*h - 1. What is t(-1)?
13
Let j(z) = 145*z + 1178. Give j(-12).
-562
Let x(p) = 36*p**2 - 40*p + 10. Determine x(3).
214
Let l(j) = -5*j**3 + 18*j**2 + 454*j + 437. What is l(-1)?
6
Let s(z) = 4*z**2 + 64*z + 37. Give s(-15).
-23
Let m(l) = -l**3 - 6*l**2 - 5*l + 15. Give m(-4).
3
Let i(a) = -42*a - 2794. Determine i(-61).
-232
Let s(p) = 8*p - 323. Determine s(48).
61
Let g(x) = 106*x + 4553. Give g(-43).
-5
Let x(u) = 29*u + 3350. Calculate x(-114).
44
Let x(j) = -j**3 + 7*j**2 + 77*j - 25. Determine x(14).
-319
Let g(u) = u**3 + 20*u**2 - 8*u + 72. Determine g(-20).
232
Let f(i) = -i**3 - 17*i**2 + 6*i + 59. Calculate f(-17).
-43
Let p(z) = z**3 - 4*z**2 - 41*z + 50. Calculate p(8).
-22
Let x(v) = -v**2 - 34*v - 18. Determine x(-27).
171
Let l(s) = s**3 - 83*s**2 - s + 188. Calculate l(83).
105
Let p(d) = -124*d**2 - 10*d + 10. Determine p(-2).
-466
Let a(h) = h**3 - 12*h**2 - 5*h - 7. Determine a(12).
-67
Let n(p) = -33*p - 1151. Give n(-34).
-29
Let d(o) = -o**3 + 16*o**2 + 10*o - 80. What is d(16)?
80
Let h(j) = 2*j**2 + 165*j - 776. Determine h(-87).
7
Let c(j) = j**3 - 13*j**2 + 37*j - 56. What is c(11)?
109
Let a(u) = u**2 - 11*u - 10240. Give a(107).
32
Let h(n) = -3*n**2 - 119*n - 940. Determine h(-29).
-12
Let h(s) = 8*s**2 + 49*s - 347. Give h(6).
235
Let l(s) = s**3 + 36*s**2 + 45*s - 765. Give l(-34).
17
Let h(x) = -x**3 - 18*x**2 + 52*x + 35. Give h(-21).
266
Let t(d) = -d**3 - 2*d**2 + 2018*d - 252. What is t(-46)?
24
Let g(m) = 2*m**2 - 5*m - 44. Calculate g(-3).
-11
Let v(k) = -2508*k + 2513. Determine v(1).
5
Let m(y) = y**3 + 25*y**2 - 11*y - 294. Give m(-25).
-19
Let q(j) = 16*j**2 - 69*j + 44. Determine q(4).
24
Let s(q) = -327*q + 31720. What is s(97)?
1
Let w(p) = -3*p + 133. Determine w(12).
97
Let r(y) = y**2 - 6*y - 128. Give r(0).
-128
Let h(m) = m**2 + 11*m - 72. What is h(6)?
30
Let d(m) = 2*m**3 + 5*m**2 + 11*m + 42. Calculate d(-4).
-50
Let c(p) = p**2 + 792*p + 9367. Calculate c(-12).
7
Let l(d) = d**2 - 248*d + 7157. Give l(33).
62
Let y(o) = 110*o - 2528. What is y(23)?
2
Let o(h) = 2*h - 695. Give o(-46).
-787
Let v(k) = 696*k**2 - 1387*k - 3. What is v(2)?
7
Let d(f) = -24*f**2 + 3*f. Calculate d(3).
-207
Let g(t) = t**2 + 125*t - 8757. Determine g(-175).
-7
Let f(h) = -163*h - 1073. Give f(-6).
-95
Let a(t) = -372*t**2 + 2603*t - 2. Give a(7).
-9
Let r(h) = -63*h - 1138. Calculate r(-18).
-4
Let x(h) = h**3 - 7*h**2 - 2*h + 25. Give x(6).
-23
Let p(m) = -m**2 - 26*m - 32. Give p(-22).
56
Let i(m) = m**2 + 444*m - 20408. Calculate i(42).
4
Let s(k) = 10*k**2 - 5*k - 26. Calculate s(5).
199
Let s(j) = -j**2 - 2625*j + 36930. Calculate s(14).
-16
Let y(s) = s**3 - 5*s**2 - 13*s + 69. Determine y(4).
1
Let v(q) = q**3 + 8*q**2 + 56*q + 581. Calculate v(-9).
-4
Let m(l) = 5*l + 57. Determine m(-7).
22
Let i(g) = 278*g + 797. What is i(-3)?
-37
Let r(p) = 28*p + 252. Give r(7).
448
Let h(u) = 232*u + 160. Determine h(-1).
-72
Let v(w) = 706*w**2 - 7077*w + 169. What is v(10)?
-1
Let z(t) = 138*t - 27. Give z(-3).
-441
Let z(j) = 120*j + 1797. What is z(-15)?
-3
Let z(b) = -195*b**3 + 4*b + 2. Give z(-1).
193
Let z(m) = 24*m - 173. What is z(5)?
-53
Let s(t) = 35*t + 68. Give s(8).
348
Let j(v) = -3*v**2 + 229*v + 423. Calculate j(78).
33
Let g(m) = m**3 + 37*m**2 - 75*m + 29. What is g(-39)?
-88
Let q(z) = -3*z + 147. What is q(24)?
75
Let u(h) = -h**2 + 21*h - 55. Give u(17).
13
Let b(o) = 717*o - 5014. Give b(7).
5
Let g(o) = 5*o**3 + 2*o**2 + 43*o + 108. Give g(-3).
-138
Let g(i) = i**2 - 2*i - 2390. What is g(-48)?
10
Let y(o) = 28*o - 360. What is y(13)?
4
Let v(f) = -2*f**2 + 486*f - 12794. What is v(30)?
-14
Let d(g) = -15*g**2 + 30*g - 13. Calculate d(1).
2
Let j(d) = d**3 + 61*d**2 + 620*d - 181. Give j(-48).
11
Let b(k) = -k**3 - 15*k**2 + 17*k + 91. Give b(-16).
75
Let i(j) = -221*j + 1544. Give i(7).
-3
Let t(i) = 3*i + 65. Calculate t(-15).
20
Let o(t) = t**3 + 82*t**2 + 234*t - 219. Give o(-79).
18
Let f(c) = -c**3 - 4*c - 3. Determine f(4).
-83
Let s(w) = w**2 + 21*w - 448. Give s(-33).
-52
Let p(g) = 2*g**3 - 56*g**2 + 57*g - 93. What is p(27)?
-12
Let t(j) = -7*j**3 + 65*j**2 - 10*j - 18. Calculate t(9).
54
Let l(f) = -f**3 - 87*f**2 - 38*f + 4121. Calculate l(-86).
-7
Let n(l) = -15*l**2 - 59*l + 41. What is n(-8)?
-447
Let w(o) = -47768*o + 6. Determine w(0).
6
Let z(s) = -872*s**2 + 7876*s - 255. Give z(9).
-3
Let x(u) = 2*u**3 + 59*u**2 - 311*u - 8423. Give x(-30).
7
Let b(m) = -m**3 + m**2 + 19686*m + 19686. Give b(-1).
2
Let a(g) = -2475*g + 12400. Give a(5).
25
Let y(x) = 5*x**2 - 11*x + 5. What is y(3)?
17
Let b(l) = -2*l**3 - 77*l**2 - 250*l - 135. Give b(-35).
40
Let o(z) = -z**3 - 12*z**2 + 8*z. Determine o(7).
-875
Let x(n) = n**2 + 11*n - 6. What is x(-8)?
-30
Let a(i) = -i**3 - i**2 - i + 173. Determine a